(j) = 12*j**2 - 20*j - 9. Let p be f(12). Suppose 0 = -0*u - 17*u + p. What are the prime factors of u?
3, 29
Suppose 4*u = -u + 5. Let t be (-4)/(-1)*u + -210. List the prime factors of (-4)/(-6) - t/6.
5, 7
Let c = 364 + -537. Let p = c + 254. List the prime factors of p.
3
Let m = 260 - 388. Suppose 4*r + 364 = -0*r. Let y = r - m. List the prime factors of y.
37
Let y(p) = -p**2 - 15*p + 24. Suppose 5*b + 30 = -2*i, -3*i + i - b = 30. What are the prime factors of y(i)?
2, 3
Let b(w) = 2*w**2 + 34*w - 32. Let n = 0 - -6. Let r(o) = -o**2 - 17*o + 16. Let x(s) = n*b(s) + 11*r(s). List the prime factors of x(-18).
2
List the prime factors of (268/5)/(10/(103 - 3)).
2, 67
Let y(x) be the first derivative of -x**2/2 - 13*x - 11. Let o be y(4). Let p = o - -31. List the prime factors of p.
2, 7
Suppose -5*q + 5693 = -3*y, -2*y = 10*q - 13*q + 3415. What are the prime factors of q?
7, 163
Let o be ((-52)/8 - -4)*-2. Suppose 0 = 5*d - 2*l - 304, d + o*l = -d + 110. Suppose 7*x = 3*x + d. What are the prime factors of x?
3, 5
Let k = -243 - -526. What are the prime factors of k?
283
Let q(j) = j**2 + 3*j - 4. Let m be q(-4). Let c = m + -7. List the prime factors of c*((-128)/28 + -2).
2, 23
Let x be 1/((-5)/(-4655) + 0). Let z = -601 + x. List the prime factors of z.
2, 3, 5, 11
Let o(y) = -y**2 + 6*y + 50. Let p be o(-5). List the prime factors of (228 - 0) + (-15)/p.
3, 7, 11
Let a = -56 + 61. What are the prime factors of (a/(-10)*-21)/(2/12)?
3, 7
Suppose 0 = 12*o - 0*o - 2508. Let x = -332 + 206. Let v = o + x. What are the prime factors of v?
83
Suppose -3*p = -4*p + 3. Suppose -2*t - 6 = -p*t. Suppose 4*q - 57 = q - 2*z, q + 5*z = t. What are the prime factors of q?
3, 7
Let b = 42 + -72. Let f = b - -29. What are the prime factors of 11 + (4/(-4))/f?
2, 3
Let l(k) = -k**2 + 9*k - 12. Let w be l(7). Suppose -84 = -4*y + w*y. What are the prime factors of y?
2, 3, 7
Suppose -632 = -3*q + 169. List the prime factors of q.
3, 89
Let h(n) = -n + 14 - 4*n**2 - 7 - n**3 + 5*n - 11. Let w be h(-5). What are the prime factors of 28/w + 1/1?
29
Let a = 516 + -122. List the prime factors of a.
2, 197
Suppose 47*q - 51482 = 82468. List the prime factors of q.
2, 3, 5, 19
Suppose 0 = -8*q + 38*q - 21270. What are the prime factors of q?
709
Let j = -209 + 314. Suppose -2*s = -z + 23, -5*z + j = 2*s - 7*s. What are the prime factors of z?
19
List the prime factors of 1414 + 1 + (-28)/7.
17, 83
Let b(t) = 3*t**2 + 8*t - 4. Let s be b(-6). Let h be ((18/(-4))/3)/(57/(-190)). Suppose -w + s = h*d, -4*w + 5*d + 128 = -w. What are the prime factors of w?
2, 23
What are the prime factors of 148/(-9 - 1141/(-126))?
2, 3, 37
Suppose -4*k + 24 = -5*k. Let g = k - -276. Suppose 43 = n + 4*t, -g + 14 = -5*n + 3*t. What are the prime factors of n?
47
Let y = -639 - -1871. What are the prime factors of y?
2, 7, 11
Let f = 6 - 8. Let i be f/4*-3*2. Suppose 31 = 2*v - i*p, -3*v + 0*v + 47 = -5*p. What are the prime factors of v?
2, 7
Suppose a = i - 18, 9 = -5*a - 16. Let n = -9 + i. Suppose -5 = -n*j + 39. List the prime factors of j.
11
Let i(j) be the third derivative of j**5/15 - j**4/24 + 7*j**3/6 - 3*j**2. What are the prime factors of i(4)?
67
Let i(o) = -7*o. Suppose 6*s = 7*s - 49. Suppose -7*j = -0*j + s. List the prime factors of i(j).
7
Suppose -3*t + 5*t = 0. Suppose -3*l = -t*l + 33. Let n = 1 - l. List the prime factors of n.
2, 3
Suppose -4*n + 1618 = -r - 819, -25 = 5*r. What are the prime factors of n?
2, 19
Let p(l) = l**2. Let y be p(-2). Suppose t + 3*a + 204 = 4*t, 0 = -y*t - 3*a + 237. List the prime factors of t.
3, 7
Let a(i) = 7*i**2 - 10*i - 15. Let m(j) = -3*j**2 + 5*j + 7. Let n(o) = 2*a(o) + 5*m(o). List the prime factors of n(5).
5
Let g(z) = -342*z**3 - 3*z**2 - 14*z. Let n(q) = 114*q**3 + q**2 + 5*q. Let r(y) = 3*g(y) + 8*n(y). List the prime factors of r(-1).
5, 23
Let q be (-4)/((-168)/18) + (-114)/21. Let y(d) = -54*d + 25. What are the prime factors of y(q)?
5, 59
Suppose 0 = -z + 4*z + 6, 3*j + z = 19. Suppose -j*q + 3*q = v - 6, -3*v + 5 = -q. What are the prime factors of v?
2
Let k = -157 - -216. Let p(s) = -s**3 - s**2 - 6*s + 5. Let t be p(-6). Suppose t = 4*r - k. List the prime factors of r.
2, 5, 7
Suppose -3*l = 2*w + 30, 96 = -5*w - l + 4*l. Let c = w - -65. What are the prime factors of c?
47
Let i = -46 - -18. Let r be i/(-5) + (-18)/30. Suppose 5*a = -r, 4*a = 5*d - 0*d - 199. What are the prime factors of d?
3, 13
Let u(a) = -9*a - 1. Let j be u(-3). What are the prime factors of (-7 - 56)*j/(-6)?
3, 7, 13
Suppose -6496 = -14*t - 28. What are the prime factors of t?
2, 3, 7, 11
Let m(r) = -r**2 + 4*r + 9. Let f be m(5). Suppose f*v = -0*v + 248. What are the prime factors of v?
2, 31
What are the prime factors of (-12)/8*(-1529 + -13)?
3, 257
Let a = -8 - -183. What are the prime factors of a?
5, 7
Let s(n) = 2*n + 26*n + 2 + 2 - 1. What are the prime factors of s(4)?
5, 23
Suppose -3*f - l = -7138, 16*f - 5*l = 12*f + 9492. What are the prime factors of f?
2, 29, 41
Suppose 2*v = -3*o + 5*o - 16, 2*v + 10 = -4*o. Let i be (-2)/4*(v - 5). Suppose -64 + i = -y. List the prime factors of y.
2, 29
Suppose 0 = 2*w + 3*v - 11, w - 5*w = v - 17. Suppose 0 = w*a + 179 + 25. Let q = -26 - a. List the prime factors of q.
5
Let s(p) = p**3 + 3*p**2 - 2*p - 2. Let u(l) = l**3 - 10*l**2 + 8*l + 6. Let f be u(9). Let k be s(f). Let c = k + 21. List the prime factors of c.
5
Let o(h) = 6*h - 12. Let b be o(6). What are the prime factors of (-35)/(-4) + 6/b?
3
Let x be ((-6)/48*-58)/((-1)/(-36)). Suppose -x = -b - 2*b. What are the prime factors of b?
3, 29
Let z(d) be the second derivative of d**5/5 - d**3/6 + d**2/2 + 4*d. Let c be z(1). Suppose -c*g = -0 - 8. What are the prime factors of g?
2
Suppose 2*g + 2*g - 12 = -2*n, 4*n + 4*g = 12. Let d(m) = 5*m**2 + 8*m - 4. Let p be d(-2). Suppose n*k + k - 45 = p. What are the prime factors of k?
3, 5
Suppose -3*a = f - 0*f - 1238, 5*a + 2*f = 2062. List the prime factors of a.
2, 3, 23
Let m be ((-45)/6)/3*354/(-15). Suppose 58*w = m*w - 152. List the prime factors of w.
2, 19
Let t(v) = 10*v - 2. Let g be t(5). Suppose w + g = 136. What are the prime factors of w?
2, 11
Let c(j) = -2*j**3 - 11*j**2 + 2*j + 1. Let a be c(-5). Let z = 8 - a. What are the prime factors of z?
2, 3, 7
Let u(f) = f**3 - 7*f**2 - 4*f + 11. Let j = -1 + 41. Let s = j + -32. List the prime factors of u(s).
43
What are the prime factors of 402/335 - (-18608)/10?
2, 7, 19
Suppose t - 1 = 2, -2*t + 44 = 2*p. Suppose -p = -6*b + 305. What are the prime factors of b?
2, 3
Suppose -3*f - 2*f - 5*l = -2230, -3*l = 0. List the prime factors of f.
2, 223
Suppose 2*n + 9 - 3 = 0. What are the prime factors of 0 - (n + 1) - (-21 - -5)?
2, 3
Let f(t) = t**2 - 8*t + 5. Let l be f(19). Suppose 0 = -6*r + l + 530. What are the prime factors of r?
2, 31
What are the prime factors of 100/(-225) - 31490/(-18)?
3, 11, 53
What are the prime factors of 179960/165*18/4?
2, 3, 409
Suppose -2*v + 21*z - 17*z + 248 = 0, -336 = -3*v - 3*z. What are the prime factors of v?
2, 29
Let u = -1071 - -1807. Let h = u + -506. What are the prime factors of h?
2, 5, 23
Suppose -17*v + 19*v + 5*l - 1922 = 0, -4751 = -5*v + l. List the prime factors of v.
3, 317
Suppose 8*v - 3*v = -4*k + 16, v + 2*k - 2 = 0. Suppose -v*t = -18 - 2. What are the prime factors of t?
5
Suppose -k = -p + 426, -852 = p - 3*p + 4*k. What are the prime factors of p?
2, 3, 71
Let w = 10 - 5. Suppose -w*x = -x - 20. Suppose 0 = x*p - 108 - 22. List the prime factors of p.
2, 13
Let h = 4 - 18. Let w = 10 + h. What are the prime factors of w*(-3 - (-28)/(-8))?
2, 13
Let f(o) = -4*o - 34. Let l(r) = -13*r - 103. Let v(i) = -11*f(i) + 4*l(i). List the prime factors of v(-21).
2, 5, 13
List the prime factors of (-7796)/((-1)/(6/24)).
1949
Let a = 35 + -32. Suppose 3*k - 2*r - 43 = -r, 26 = 2*k - 2*r. What are the prime factors of k + (a - 6) - -3?
3, 5
Suppose -1964 = -15*t + 6481. List the prime factors of t.
563
Let t = -1014 - -6363. List the prime factors of t.
3, 1783
Suppose 6*p + 12 = 9*p. Suppose 0 = -7*s + 2*s + 2*i + 165, s - 33 = p*i. List the prime factors of s.
3, 11
Let h be 10/(-5) + (-1656)/(-3). Let c = h - 278. What are the prime factors of c?
2, 17